{"id":1124,"date":"2025-02-03T14:28:36","date_gmt":"2025-02-03T14:28:36","guid":{"rendered":"https:\/\/hiking4understanding.org\/?page_id=1124"},"modified":"2025-02-03T14:32:37","modified_gmt":"2025-02-03T14:32:37","slug":"about-srb","status":"publish","type":"page","link":"https:\/\/hiking4understanding.org\/?page_id=1124&lang=sr","title":{"rendered":"About &#8211; SRB"},"content":{"rendered":"<p>[et_pb_section fb_built=&#8221;1&#8243; _builder_version=&#8221;4.27.0&#8243; _module_preset=&#8221;default&#8221; use_background_color_gradient=&#8221;on&#8221; background_color_gradient_type=&#8221;circular&#8221; background_color_gradient_stops=&#8221;rgba(19,38,47,0.7) 22%|rgba(19,38,47,0.67) 63%&#8221; background_color_gradient_overlays_image=&#8221;on&#8221; background_image=&#8221;https:\/\/hiking4understanding.org\/wp-content\/uploads\/2024\/11\/Tara-Jun-2024_Vladimir-Djumic-61-scaled.jpg&#8221; background_position=&#8221;top_right&#8221; background_vertical_offset=&#8221;41%&#8221; custom_margin=&#8221;-80px||||false|false&#8221; global_colors_info=&#8221;{}&#8221;][et_pb_row _builder_version=&#8221;4.27.0&#8243; _module_preset=&#8221;default&#8221; max_width=&#8221;1920px&#8221; custom_padding=&#8221;150px||||false|false&#8221; global_colors_info=&#8221;{}&#8221;][et_pb_column type=&#8221;4_4&#8243; _builder_version=&#8221;4.24.0&#8243; _module_preset=&#8221;default&#8221; global_colors_info=&#8221;{}&#8221;][et_pb_heading title=&#8221;O projektu&#8221; _builder_version=&#8221;4.27.0&#8243; _module_preset=&#8221;default&#8221; title_font=&#8221;Carme|700|||||||&#8221; title_text_align=&#8221;center&#8221; title_text_color=&#8221;#F9F9F9&#8243; title_font_size=&#8221;50px&#8221; hover_enabled=&#8221;0&#8243; global_colors_info=&#8221;{}&#8221; sticky_enabled=&#8221;0&#8243;][\/et_pb_heading][et_pb_text _builder_version=&#8221;4.27.0&#8243; _module_preset=&#8221;default&#8221; text_font=&#8221;Carme||||||||&#8221; text_text_color=&#8221;#F9F9F9&#8243; text_font_size=&#8221;18px&#8221; text_orientation=&#8221;center&#8221; custom_padding=&#8221;|250px||250px|false|true&#8221; hover_enabled=&#8221;0&#8243; global_colors_info=&#8221;{}&#8221; sticky_enabled=&#8221;0&#8243;]<\/p>\n<p>Dobrodo\u0161li na stranicu na kojoj mo\u017eete saznati vi\u0161e o projektu i \u0161ta je na\u0161a svrha!<\/p>\n<p>[\/et_pb_text][\/et_pb_column][\/et_pb_row][\/et_pb_section][et_pb_section fb_built=&#8221;1&#8243; _builder_version=&#8221;4.27.0&#8243; _module_preset=&#8221;default&#8221; background_color=&#8221;#F9F9F9&#8243; custom_padding=&#8221;1px||1px||true|false&#8221; global_colors_info=&#8221;{}&#8221;][et_pb_row column_structure=&#8221;1_3,1_3,1_3&#8243; _builder_version=&#8221;4.27.0&#8243; _module_preset=&#8221;default&#8221; global_colors_info=&#8221;{}&#8221;][et_pb_column type=&#8221;1_3&#8243; _builder_version=&#8221;4.27.0&#8243; _module_preset=&#8221;default&#8221; global_colors_info=&#8221;{}&#8221;][et_pb_blurb title=&#8221;U\u010dite i gradite svoje kapacitete kroz fizi\u010dku aktivnost.&#8221; use_icon=&#8221;on&#8221; font_icon=&#8221;&#xf6ec;||fa||900&#8243; icon_color=&#8221;#13262F&#8221; _builder_version=&#8221;4.27.0&#8243; _module_preset=&#8221;default&#8221; header_font=&#8221;Carme|700|||||||&#8221; header_text_align=&#8221;center&#8221; header_line_height=&#8221;2em&#8221; body_font=&#8221;Carme||||||||&#8221; body_text_align=&#8221;center&#8221; global_colors_info=&#8221;{}&#8221;]<\/p>\n<p>Dok se bavite fizi\u010dkom aktivno\u0161\u0107u, planinarenje za razumevanje vam omogu\u0107ava da nau\u010dite vi\u0161e o sebi, drugima i okru\u017eenju. I mentalno i fizi\u010dko zdravlje su neprocenjivi pokloni koje vam projekat daje!<\/p>\n<p>[\/et_pb_blurb][\/et_pb_column][et_pb_column type=&#8221;1_3&#8243; _builder_version=&#8221;4.27.0&#8243; _module_preset=&#8221;default&#8221; global_colors_info=&#8221;{}&#8221;][et_pb_blurb title=&#8221;Popnite se na vrh i ostvarite svoje ambicije!&#8221; use_icon=&#8221;on&#8221; font_icon=&#8221;&#xf6fc;||fa||900&#8243; icon_color=&#8221;#13262F&#8221; _builder_version=&#8221;4.27.0&#8243; _module_preset=&#8221;default&#8221; header_font=&#8221;Carme|700|||||||&#8221; header_text_align=&#8221;center&#8221; header_line_height=&#8221;2em&#8221; body_font=&#8221;Carme||||||||&#8221; body_text_align=&#8221;center&#8221; global_colors_info=&#8221;{}&#8221;]<\/p>\n<p>Planinarenje za razumevanje vam omogu\u0107ava da otvorite o\u010di i vi\u0161e se fokusirate na svoje ciljeve i ambicije, daju\u0107i vam motivaciju da te\u017eite dalje!<\/p>\n<p>[\/et_pb_blurb][\/et_pb_column][et_pb_column type=&#8221;1_3&#8243; _builder_version=&#8221;4.27.0&#8243; _module_preset=&#8221;default&#8221; global_colors_info=&#8221;{}&#8221;][et_pb_blurb title=&#8221;Podstaknite me\u0111ugeneracijski dijalog i razumevanje&#8221; use_icon=&#8221;on&#8221; font_icon=&#8221;&#xf2b5;||fa||900&#8243; icon_color=&#8221;#13262F&#8221; _builder_version=&#8221;4.27.0&#8243; _module_preset=&#8221;default&#8221; header_font=&#8221;Carme|700|||||||&#8221; header_text_align=&#8221;center&#8221; header_line_height=&#8221;2em&#8221; body_font=&#8221;Carme||||||||&#8221; body_text_align=&#8221;center&#8221; global_colors_info=&#8221;{}&#8221;]<\/p>\n<p>Projekat planinarenje za razumevanje je zami\u0161ljen da podr\u017ei me\u0111ugeneracijski dijalog uklju\u010divanjem ljudi svih uzrasta u zabavne i anga\u017eovane fizi\u010dke aktivnosti zasnovane na planinarenju.<\/p>\n<p>[\/et_pb_blurb][\/et_pb_column][\/et_pb_row][\/et_pb_section][et_pb_section fb_built=&#8221;1&#8243; module_id=&#8221;puls&#8221; _builder_version=&#8221;4.27.0&#8243; _module_preset=&#8221;default&#8221; background_color=&#8221;#FFFFFF&#8221; use_background_color_gradient=&#8221;on&#8221; background_color_gradient_direction=&#8221;90deg&#8221; background_color_gradient_stops=&#8221;#13262f 0%|#13262f 5%|rgba(255,255,255,0) 5%|rgba(255,255,255,0) 95%|#b7ce63 95%|#b7ce63 100%&#8221; custom_padding=&#8221;25px|||||&#8221; custom_css_free_form=&#8221;#puls {||  animation: pulse 10s infinite;||}||||@keyframes pulse {||  0%, 100% {||    background-color: #13262f;||  }||  50% {||    background-color: #b7ce63;||  }||}&#8221; global_colors_info=&#8221;{}&#8221;][et_pb_row _builder_version=&#8221;4.24.0&#8243; _module_preset=&#8221;default&#8221; global_colors_info=&#8221;{}&#8221;][et_pb_column type=&#8221;4_4&#8243; _builder_version=&#8221;4.24.0&#8243; _module_preset=&#8221;default&#8221; global_colors_info=&#8221;{}&#8221;][et_pb_heading title=&#8221;Na\u0161 projekat&#8221; _builder_version=&#8221;4.27.0&#8243; _module_preset=&#8221;default&#8221; title_font=&#8221;Carme|700|||||||&#8221; title_text_color=&#8221;#13262F&#8221; title_font_size=&#8221;50px&#8221; global_colors_info=&#8221;{}&#8221;][\/et_pb_heading][et_pb_text _builder_version=&#8221;4.27.0&#8243; _module_preset=&#8221;default&#8221; text_font=&#8221;Carme||||||||&#8221; text_font_size=&#8221;18px&#8221; text_orientation=&#8221;justified&#8221; global_colors_info=&#8221;{}&#8221;]<\/p>\n<p>Projekat \u201eplaninarenje za razumevanje\u201c je projekat podr\u017ean od strane Evropske unije koji je okupio eko kampove, omladinske organizacije, sportske klubove i entuzijaste iz tri razli\u010dite zemlje sa ciljem da podstakne me\u0111ugeneracijski dijalog i me\u0111usobno razumevanje \u0161irom Evrope razvojem inovativnih obrazovnih programa i aktivnosti zasnovanih na planinarenju. Ovi programi se fokusiraju na promovisanje za\u0161tite \u017eivotne sredine i socijalne inkluzije organizovanjem \u0161irokog spektra direktnih i digitalnih aktivnosti i sadr\u017eaja kroz koje \u010dlanovi planinarskih klubova i omladinski radnici mogu da unaprede svoj rad u oblasti vi\u0161estrukog u\u010denja.<\/p>\n<p>[\/et_pb_text][\/et_pb_column][\/et_pb_row][et_pb_row column_structure=&#8221;1_4,3_4&#8243; make_equal=&#8221;on&#8221; _builder_version=&#8221;4.27.0&#8243; _module_preset=&#8221;default&#8221; global_colors_info=&#8221;{}&#8221;][et_pb_column type=&#8221;1_4&#8243; _builder_version=&#8221;4.27.0&#8243; _module_preset=&#8221;default&#8221; global_colors_info=&#8221;{}&#8221;][et_pb_image src=&#8221;https:\/\/hiking4understanding.org\/wp-content\/uploads\/2024\/09\/Untitled-design-4.png&#8221; title_text=&#8221;Untitled design (4)&#8221; align=&#8221;center&#8221; _builder_version=&#8221;4.27.0&#8243; _module_preset=&#8221;default&#8221; width=&#8221;50%&#8221; global_colors_info=&#8221;{}&#8221;][\/et_pb_image][\/et_pb_column][et_pb_column type=&#8221;3_4&#8243; _builder_version=&#8221;4.27.0&#8243; _module_preset=&#8221;default&#8221; global_colors_info=&#8221;{}&#8221;][et_pb_heading title=&#8221;Na\u0161a misija&#8221; _builder_version=&#8221;4.27.0&#8243; _module_preset=&#8221;default&#8221; title_font=&#8221;Carme|700|||||||&#8221; title_text_color=&#8221;#13262F&#8221; title_font_size=&#8221;35px&#8221; global_colors_info=&#8221;{}&#8221;][\/et_pb_heading][et_pb_text _builder_version=&#8221;4.27.0&#8243; _module_preset=&#8221;default&#8221; text_font=&#8221;Carme||||||||&#8221; text_font_size=&#8221;18px&#8221; text_orientation=&#8221;justified&#8221; global_colors_info=&#8221;{}&#8221;]<\/p>\n<p>Na\u0161 cilj je da inspiri\u0161emo pojedince svih uzrasta da integri\u0161u na\u0161e igre u svoje svakodnevne rutine, pobolj\u0161avaju\u0107i fizi\u010dku aktivnost, promovi\u0161u\u0107i me\u0111ugeneracijske veze i podi\u017eu\u0107i svest o kriti\u010dnim dru\u0161tvenim izazovima.<\/p>\n<p>[\/et_pb_text][\/et_pb_column][\/et_pb_row][et_pb_row column_structure=&#8221;1_4,3_4&#8243; make_equal=&#8221;on&#8221; _builder_version=&#8221;4.27.0&#8243; _module_preset=&#8221;default&#8221; global_colors_info=&#8221;{}&#8221;][et_pb_column type=&#8221;1_4&#8243; _builder_version=&#8221;4.27.0&#8243; _module_preset=&#8221;default&#8221; global_colors_info=&#8221;{}&#8221;][et_pb_image src=&#8221;https:\/\/hiking4understanding.org\/wp-content\/uploads\/2024\/09\/Untitled-design-5.png&#8221; title_text=&#8221;Untitled design (5)&#8221; align=&#8221;center&#8221; _builder_version=&#8221;4.27.0&#8243; _module_preset=&#8221;default&#8221; width=&#8221;60%&#8221; global_colors_info=&#8221;{}&#8221;][\/et_pb_image][\/et_pb_column][et_pb_column type=&#8221;3_4&#8243; _builder_version=&#8221;4.27.0&#8243; _module_preset=&#8221;default&#8221; global_colors_info=&#8221;{}&#8221;][et_pb_heading title=&#8221;Na\u0161a vizija&#8221; _builder_version=&#8221;4.27.0&#8243; _module_preset=&#8221;default&#8221; title_font=&#8221;Carme|700|||||||&#8221; title_text_color=&#8221;#13262F&#8221; title_font_size=&#8221;35px&#8221; global_colors_info=&#8221;{}&#8221;][\/et_pb_heading][et_pb_text _builder_version=&#8221;4.27.0&#8243; _module_preset=&#8221;default&#8221; text_font=&#8221;Carme||||||||&#8221; text_font_size=&#8221;18px&#8221; text_orientation=&#8221;justified&#8221; global_colors_info=&#8221;{}&#8221;]<\/p>\n<p>Na\u0161a vizija je popularizacija sporta i fizi\u010dke aktivnosti kao alata za podsticanje me\u0111ugeneracijskog razumevanja i dijaloga, kao i za pru\u017eanje obrazovanja na zabavan i privla\u010dan na\u010din. Kroz planinarenje \u017eelimo da postignemo aktivnu i me\u0111usobno povezanu zajednicu koja je spremna da se stalno pobolj\u0161ava.<\/p>\n<p>[\/et_pb_text][\/et_pb_column][\/et_pb_row][\/et_pb_section]<\/p>\n","protected":false},"excerpt":{"rendered":"<p>Dobrodo\u0161li na stranicu na kojoj mo\u017eete saznati vi\u0161e o projektu i \u0161ta je na\u0161a svrha!Dok se bavite fizi\u010dkom aktivno\u0161\u0107u, planinarenje za razumevanje vam omogu\u0107ava da nau\u010dite vi\u0161e o sebi, drugima i okru\u017eenju. I mentalno i fizi\u010dko zdravlje su neprocenjivi pokloni koje vam projekat daje!Planinarenje za razumevanje vam omogu\u0107ava da otvorite o\u010di i vi\u0161e se fokusirate [&hellip;]<\/p>\n","protected":false},"author":3,"featured_media":0,"parent":0,"menu_order":0,"comment_status":"closed","ping_status":"closed","template":"","meta":{"_et_pb_use_builder":"on","_et_pb_old_content":"","_et_gb_content_width":"","footnotes":""},"class_list":["post-1124","page","type-page","status-publish","hentry"],"_links":{"self":[{"href":"https:\/\/hiking4understanding.org\/index.php?rest_route=\/wp\/v2\/pages\/1124","targetHints":{"allow":["GET"]}}],"collection":[{"href":"https:\/\/hiking4understanding.org\/index.php?rest_route=\/wp\/v2\/pages"}],"about":[{"href":"https:\/\/hiking4understanding.org\/index.php?rest_route=\/wp\/v2\/types\/page"}],"author":[{"embeddable":true,"href":"https:\/\/hiking4understanding.org\/index.php?rest_route=\/wp\/v2\/users\/3"}],"replies":[{"embeddable":true,"href":"https:\/\/hiking4understanding.org\/index.php?rest_route=%2Fwp%2Fv2%2Fcomments&post=1124"}],"version-history":[{"count":2,"href":"https:\/\/hiking4understanding.org\/index.php?rest_route=\/wp\/v2\/pages\/1124\/revisions"}],"predecessor-version":[{"id":1127,"href":"https:\/\/hiking4understanding.org\/index.php?rest_route=\/wp\/v2\/pages\/1124\/revisions\/1127"}],"wp:attachment":[{"href":"https:\/\/hiking4understanding.org\/index.php?rest_route=%2Fwp%2Fv2%2Fmedia&parent=1124"}],"curies":[{"name":"wp","href":"https:\/\/api.w.org\/{rel}","templated":true}]}}

<p>[et_pb_section fb_built=&#8221;1&#8243; _builder_version=&#8221;4.27.0&#8243; _module_preset=&#8221;default&#8221; use_background_color_gradient=&#8221;on&#8221; background_color_gradient_type=&#8221;circular&#8221; background_color_gradient_stops=&#8221;rgba(19,38,47,0.7) 22%|rgba(19,38,47,0.67) 63%&#8221; background_color_gradient_overlays_image=&#8221;on&#8221; background_image=&#8221;https://hiking4understanding.org/wp-content/uploads/2024/11/Tara-Jun-2024_Vladimir-Djumic-61-scaled.jpg&#8221; background_position=&#8221;top_right&#8221; background_vertical_offset=&#8221;41%&#8221; custom_margin=&#8221;-80px||||false|false&#8221; global_colors_info=&#8221;{}&#8221;][et_pb_row _builder_version=&#8221;4.27.0&#8243; _module_preset=&#8221;default&#8221; max_width=&#8221;1920px&#8221; custom_padding=&#8221;150px||||false|false&#8221; global_colors_info=&#8221;{}&#8221;][et_pb_column type=&#8221;4_4&#8243; _builder_version=&#8221;4.24.0&#8243; _module_preset=&#8221;default&#8221; global_colors_info=&#8221;{}&#8221;][et_pb_heading title=&#8221;O projektu&#8221; _builder_version=&#8221;4.27.0&#8243; _module_preset=&#8221;default&#8221; title_font=&#8221;Carme|700|||||||&#8221; title_text_align=&#8221;center&#8221; title_text_color=&#8221;#F9F9F9&#8243; title_font_size=&#8221;50px&#8221; hover_enabled=&#8221;0&#8243; global_colors_info=&#8221;{}&#8221; sticky_enabled=&#8221;0&#8243;][/et_pb_heading][et_pb_text _builder_version=&#8221;4.27.0&#8243; _module_preset=&#8221;default&#8221; text_font=&#8221;Carme||||||||&#8221; text_text_color=&#8221;#F9F9F9&#8243; text_font_size=&#8221;18px&#8221; text_orientation=&#8221;center&#8221; custom_padding=&#8221;|250px||250px|false|true&#8221; hover_enabled=&#8221;0&#8243; global_colors_info=&#8221;{}&#8221; sticky_enabled=&#8221;0&#8243;]</p>
<p>Dobrodošli na stranicu na kojoj možete saznati više o projektu i šta je naša svrha!</p>
<p>[/et_pb_text][/et_pb_column][/et_pb_row][/et_pb_section][et_pb_section fb_built=&#8221;1&#8243; _builder_version=&#8221;4.27.0&#8243; _module_preset=&#8221;default&#8221; background_color=&#8221;#F9F9F9&#8243; custom_padding=&#8221;1px||1px||true|false&#8221; global_colors_info=&#8221;{}&#8221;][et_pb_row column_structure=&#8221;1_3,1_3,1_3&#8243; _builder_version=&#8221;4.27.0&#8243; _module_preset=&#8221;default&#8221; global_colors_info=&#8221;{}&#8221;][et_pb_column type=&#8221;1_3&#8243; _builder_version=&#8221;4.27.0&#8243; _module_preset=&#8221;default&#8221; global_colors_info=&#8221;{}&#8221;][et_pb_blurb title=&#8221;Učite i gradite svoje kapacitete kroz fizičku aktivnost.&#8221; use_icon=&#8221;on&#8221; font_icon=&#8221;&#xf6ec;||fa||900&#8243; icon_color=&#8221;#13262F&#8221; _builder_version=&#8221;4.27.0&#8243; _module_preset=&#8221;default&#8221; header_font=&#8221;Carme|700|||||||&#8221; header_text_align=&#8221;center&#8221; header_line_height=&#8221;2em&#8221; body_font=&#8221;Carme||||||||&#8221; body_text_align=&#8221;center&#8221; global_colors_info=&#8221;{}&#8221;]</p>
<p>Dok se bavite fizičkom aktivnošću, planinarenje za razumevanje vam omogućava da naučite više o sebi, drugima i okruženju. I mentalno i fizičko zdravlje su neprocenjivi pokloni koje vam projekat daje!</p>
<p>[/et_pb_blurb][/et_pb_column][et_pb_column type=&#8221;1_3&#8243; _builder_version=&#8221;4.27.0&#8243; _module_preset=&#8221;default&#8221; global_colors_info=&#8221;{}&#8221;][et_pb_blurb title=&#8221;Popnite se na vrh i ostvarite svoje ambicije!&#8221; use_icon=&#8221;on&#8221; font_icon=&#8221;&#xf6fc;||fa||900&#8243; icon_color=&#8221;#13262F&#8221; _builder_version=&#8221;4.27.0&#8243; _module_preset=&#8221;default&#8221; header_font=&#8221;Carme|700|||||||&#8221; header_text_align=&#8221;center&#8221; header_line_height=&#8221;2em&#8221; body_font=&#8221;Carme||||||||&#8221; body_text_align=&#8221;center&#8221; global_colors_info=&#8221;{}&#8221;]</p>
<p>Planinarenje za razumevanje vam omogućava da otvorite oči i više se fokusirate na svoje ciljeve i ambicije, dajući vam motivaciju da težite dalje!</p>
<p>[/et_pb_blurb][/et_pb_column][et_pb_column type=&#8221;1_3&#8243; _builder_version=&#8221;4.27.0&#8243; _module_preset=&#8221;default&#8221; global_colors_info=&#8221;{}&#8221;][et_pb_blurb title=&#8221;Podstaknite međugeneracijski dijalog i razumevanje&#8221; use_icon=&#8221;on&#8221; font_icon=&#8221;&#xf2b5;||fa||900&#8243; icon_color=&#8221;#13262F&#8221; _builder_version=&#8221;4.27.0&#8243; _module_preset=&#8221;default&#8221; header_font=&#8221;Carme|700|||||||&#8221; header_text_align=&#8221;center&#8221; header_line_height=&#8221;2em&#8221; body_font=&#8221;Carme||||||||&#8221; body_text_align=&#8221;center&#8221; global_colors_info=&#8221;{}&#8221;]</p>
<p>Projekat planinarenje za razumevanje je zamišljen da podrži međugeneracijski dijalog uključivanjem ljudi svih uzrasta u zabavne i angažovane fizičke aktivnosti zasnovane na planinarenju.</p>
<p>[/et_pb_blurb][/et_pb_column][/et_pb_row][/et_pb_section][et_pb_section fb_built=&#8221;1&#8243; module_id=&#8221;puls&#8221; _builder_version=&#8221;4.27.0&#8243; _module_preset=&#8221;default&#8221; background_color=&#8221;#FFFFFF&#8221; use_background_color_gradient=&#8221;on&#8221; background_color_gradient_direction=&#8221;90deg&#8221; background_color_gradient_stops=&#8221;#13262f 0%|#13262f 5%|rgba(255,255,255,0) 5%|rgba(255,255,255,0) 95%|#b7ce63 95%|#b7ce63 100%&#8221; custom_padding=&#8221;25px|||||&#8221; custom_css_free_form=&#8221;#puls {||  animation: pulse 10s infinite;||}||||@keyframes pulse {||  0%, 100% {||    background-color: #13262f;||  }||  50% {||    background-color: #b7ce63;||  }||}&#8221; global_colors_info=&#8221;{}&#8221;][et_pb_row _builder_version=&#8221;4.24.0&#8243; _module_preset=&#8221;default&#8221; global_colors_info=&#8221;{}&#8221;][et_pb_column type=&#8221;4_4&#8243; _builder_version=&#8221;4.24.0&#8243; _module_preset=&#8221;default&#8221; global_colors_info=&#8221;{}&#8221;][et_pb_heading title=&#8221;Naš projekat&#8221; _builder_version=&#8221;4.27.0&#8243; _module_preset=&#8221;default&#8221; title_font=&#8221;Carme|700|||||||&#8221; title_text_color=&#8221;#13262F&#8221; title_font_size=&#8221;50px&#8221; global_colors_info=&#8221;{}&#8221;][/et_pb_heading][et_pb_text _builder_version=&#8221;4.27.0&#8243; _module_preset=&#8221;default&#8221; text_font=&#8221;Carme||||||||&#8221; text_font_size=&#8221;18px&#8221; text_orientation=&#8221;justified&#8221; global_colors_info=&#8221;{}&#8221;]</p>
<p>Projekat „planinarenje za razumevanje“ je projekat podržan od strane Evropske unije koji je okupio eko kampove, omladinske organizacije, sportske klubove i entuzijaste iz tri različite zemlje sa ciljem da podstakne međugeneracijski dijalog i međusobno razumevanje širom Evrope razvojem inovativnih obrazovnih programa i aktivnosti zasnovanih na planinarenju. Ovi programi se fokusiraju na promovisanje zaštite životne sredine i socijalne inkluzije organizovanjem širokog spektra direktnih i digitalnih aktivnosti i sadržaja kroz koje članovi planinarskih klubova i omladinski radnici mogu da unaprede svoj rad u oblasti višestrukog učenja.</p>
<p>[/et_pb_text][/et_pb_column][/et_pb_row][et_pb_row column_structure=&#8221;1_4,3_4&#8243; make_equal=&#8221;on&#8221; _builder_version=&#8221;4.27.0&#8243; _module_preset=&#8221;default&#8221; global_colors_info=&#8221;{}&#8221;][et_pb_column type=&#8221;1_4&#8243; _builder_version=&#8221;4.27.0&#8243; _module_preset=&#8221;default&#8221; global_colors_info=&#8221;{}&#8221;][et_pb_image src=&#8221;https://hiking4understanding.org/wp-content/uploads/2024/09/Untitled-design-4.png&#8221; title_text=&#8221;Untitled design (4)&#8221; align=&#8221;center&#8221; _builder_version=&#8221;4.27.0&#8243; _module_preset=&#8221;default&#8221; width=&#8221;50%&#8221; global_colors_info=&#8221;{}&#8221;][/et_pb_image][/et_pb_column][et_pb_column type=&#8221;3_4&#8243; _builder_version=&#8221;4.27.0&#8243; _module_preset=&#8221;default&#8221; global_colors_info=&#8221;{}&#8221;][et_pb_heading title=&#8221;Naša misija&#8221; _builder_version=&#8221;4.27.0&#8243; _module_preset=&#8221;default&#8221; title_font=&#8221;Carme|700|||||||&#8221; title_text_color=&#8221;#13262F&#8221; title_font_size=&#8221;35px&#8221; global_colors_info=&#8221;{}&#8221;][/et_pb_heading][et_pb_text _builder_version=&#8221;4.27.0&#8243; _module_preset=&#8221;default&#8221; text_font=&#8221;Carme||||||||&#8221; text_font_size=&#8221;18px&#8221; text_orientation=&#8221;justified&#8221; global_colors_info=&#8221;{}&#8221;]</p>
<p>Naš cilj je da inspirišemo pojedince svih uzrasta da integrišu naše igre u svoje svakodnevne rutine, poboljšavajući fizičku aktivnost, promovišući međugeneracijske veze i podižući svest o kritičnim društvenim izazovima.</p>
<p>[/et_pb_text][/et_pb_column][/et_pb_row][et_pb_row column_structure=&#8221;1_4,3_4&#8243; make_equal=&#8221;on&#8221; _builder_version=&#8221;4.27.0&#8243; _module_preset=&#8221;default&#8221; global_colors_info=&#8221;{}&#8221;][et_pb_column type=&#8221;1_4&#8243; _builder_version=&#8221;4.27.0&#8243; _module_preset=&#8221;default&#8221; global_colors_info=&#8221;{}&#8221;][et_pb_image src=&#8221;https://hiking4understanding.org/wp-content/uploads/2024/09/Untitled-design-5.png&#8221; title_text=&#8221;Untitled design (5)&#8221; align=&#8221;center&#8221; _builder_version=&#8221;4.27.0&#8243; _module_preset=&#8221;default&#8221; width=&#8221;60%&#8221; global_colors_info=&#8221;{}&#8221;][/et_pb_image][/et_pb_column][et_pb_column type=&#8221;3_4&#8243; _builder_version=&#8221;4.27.0&#8243; _module_preset=&#8221;default&#8221; global_colors_info=&#8221;{}&#8221;][et_pb_heading title=&#8221;Naša vizija&#8221; _builder_version=&#8221;4.27.0&#8243; _module_preset=&#8221;default&#8221; title_font=&#8221;Carme|700|||||||&#8221; title_text_color=&#8221;#13262F&#8221; title_font_size=&#8221;35px&#8221; global_colors_info=&#8221;{}&#8221;][/et_pb_heading][et_pb_text _builder_version=&#8221;4.27.0&#8243; _module_preset=&#8221;default&#8221; text_font=&#8221;Carme||||||||&#8221; text_font_size=&#8221;18px&#8221; text_orientation=&#8221;justified&#8221; global_colors_info=&#8221;{}&#8221;]</p>
<p>Naša vizija je popularizacija sporta i fizičke aktivnosti kao alata za podsticanje međugeneracijskog razumevanja i dijaloga, kao i za pružanje obrazovanja na zabavan i privlačan način. Kroz planinarenje želimo da postignemo aktivnu i međusobno povezanu zajednicu koja je spremna da se stalno poboljšava.</p>
<p>[/et_pb_text][/et_pb_column][/et_pb_row][/et_pb_section]</p>

<p>Dobrodošli na stranicu na kojoj možete saznati više o projektu i šta je naša svrha!Dok se bavite fizičkom aktivnošću, planinarenje za razumevanje vam omogućava da naučite više o sebi, drugima i okruženju. I mentalno i fizičko zdravlje su neprocenjivi pokloni koje vam projekat daje!Planinarenje za razumevanje vam omogućava da otvorite oči i više se fokusirate [&hellip;]</p>
